 a(w) = 16*w**2 + 5*w + 9. Let o be a(-11). Suppose o = 13*j - 15803. Is j composite?
False
Is ((-1)/((-4)/(-7624)))/(10/(-15)) prime?
False
Let d be 1/(2 - 3) + 24. Let o = -21 + d. Suppose 4*u = 4*a + 1184, -o*u + 624 = 3*a + 47. Is u prime?
True
Suppose -g + 3*l = -2140, -g = -l - 1652 - 494. Is g a composite number?
True
Let u be 21268/6 + (-3)/(-9). Is 2/(-8) + u/20 prime?
False
Let a = 13 + 11. Let l = a + -19. Suppose -15 = -3*u, -3*k + 2*k + l*u = -270. Is k a composite number?
True
Let u = 41 + 8. Is u a prime number?
False
Let d be 1/(9/(-1218))*(-3)/(-1). Let s = d - -779. Is s composite?
False
Let j be 6/4 + (-66)/12. Let i be (-5)/(10/j) - 0. Suppose -i*p + 479 = -p. Is p a prime number?
True
Suppose l - 2 = 3*l. Let m(p) = -1660*p - 3. Is m(l) a prime number?
True
Let d(b) = 7*b**3 - b**2 - 3*b**3 - 10 - 5*b**2 + 15*b - 24. Is d(9) a composite number?
False
Suppose 5*r = 5*y - 1 + 36, 5*y = -2*r. Suppose 4*h + 286 + 1712 = -3*w, -2001 = 3*w + 5*h. Is w/y*(-9 - -10) a composite number?
False
Suppose -2*v + 325 = 3*v. Let p(r) = 127 + 9 + v - r. Is p(0) a prime number?
False
Suppose -5*o - 4*d + 3605 = 0, 0*d = -o - 5*d + 742. Is o prime?
False
Suppose 101*w - 18*w - 2958203 = 0. Is w a prime number?
False
Is (2/6)/(11/((-7709031)/(-3))) a composite number?
True
Let y(u) = 4*u - 3. Let k be y(2). Suppose -3*g + 7 = -k. Suppose -121 = -g*r + 3*r + 5*b, r = -5*b + 101. Is r a prime number?
False
Suppose 0 = -2*c + s + 35916, -8*c + 4*s - 53863 = -11*c. Is c composite?
False
Let s(r) = r**2 - 2*r - 3. Let t be s(4). Is ((-55)/t)/(-1)*59 composite?
True
Let d(h) = -2*h - 13*h**3 + 1 + 28*h**3 - 13*h**3 + 9*h - 5*h**2. Is d(7) a prime number?
True
Let i = -6 - -8. Is (-8 + 7)/(i/(-668)) prime?
False
Let t(o) = -2*o**3 - o**2 + 8*o + 56. Is t(-9) composite?
False
Suppose 5*j - 2*j + 5*y = 29, 0 = 2*j - 4*y + 10. Is (-1262)/(-4)*(j - 0 - -3) a composite number?
True
Suppose -2*k - 2 = -2*x, 9*k - 4*k = -3*x + 11. Let m(w) = -x - 4*w**2 + 2*w**3 + 5 + 2 - w**3 + 2*w. Is m(6) prime?
True
Suppose 0 = -4*r - 3*l - 30, -2*r + 5*r - 5*l = -8. Let b(k) = k - 1. Let x(h) = -63*h - 6. Let y(a) = -5*b(a) + x(a). Is y(r) a composite number?
True
Is 21/((-98)/14) - -11032*1 prime?
False
Let r = 3213 - 1036. Is r prime?
False
Suppose 0*b + 3*b - 12 = 0. Suppose b*u = 1477 + 183. Let w = u + -204. Is w a composite number?
False
Suppose 121 = 3*y - r, 4*y + 3*r = -0*r + 170. Let s = -26 + y. Suppose -14*u = -s*u + 149. Is u prime?
True
Let k be (-10)/(-8) + 2/(-8). Let i be k/(2/(1 - -43)). Suppose -19*o = -i*o + 501. Is o a prime number?
True
Let r(m) = 537*m**2 - m - 267*m**2 - 3*m + 5 + 2 - 266*m**2. Suppose -4*g + 3 = -21. Is r(g) composite?
False
Is (-296)/(-259) + 84671/7 a composite number?
False
Let r = 1025 + 1323. Suppose 43*u - r = 39*u. Is u prime?
True
Let m(b) be the second derivative of b**6/360 - b**5/12 + 2*b**3/3 - b. Let o(l) be the second derivative of m(l). Is o(-7) composite?
True
Is (-2096005)/(-85) - (-8)/68 composite?
False
Let u = 13 - 13. Suppose -3*p + 7*p - 1052 = u. Is p a prime number?
True
Suppose 11*m - 42269 = 4382. Is m a composite number?
False
Let n be (8/2 + -13)/((-1)/(-1)). Is 1 - n/(-6) - 5670/(-4) a prime number?
False
Suppose 11*d = 7*d + 4. Is (-149)/(1/(-3 + d)) prime?
False
Suppose 379*w - 375*w = 18940. Is w prime?
False
Suppose 0 = -3*o + 54 + 42. Suppose 0 = k - 5*k - 4*p + 28, 4*k + 2*p = o. Is 537/k + 6/(-9) a prime number?
True
Suppose -6 = -5*q + 5*z - 1, q + 3*z = 21. Is 3244/q - 15/(-45) composite?
False
Let t = -10 - -16. Suppose -5*v = m + t, -4*v - 37 + 13 = -4*m. Is 1 + (v - 2 - -148) composite?
True
Let r(b) = -b**3 - 7*b**2 - 2*b + 10. Let h be r(-6). Is (-79)/(-11) - h/(-77) a composite number?
False
Suppose 20*m - 65303 = 8957. Is m a prime number?
False
Let t(o) = 2*o**2 - 11*o + 10. Let n be (0/(-4) + 0 + 1)*19. Is t(n) composite?
False
Is (-4)/(-12)*1*20283 composite?
False
Let j = 96718 + -24098. Is j/380 - (-4)/(-38) composite?
False
Let z(k) = 2*k + 5. Suppose -2*d + 3*j = 3 - 6, 0 = -4*d + 5*j + 5. Let i be z(d). Suppose -634 + 50 = -4*y + 4*n, i*n - 611 = -4*y. Is y prime?
True
Let g = -38231 + 56350. Is g a prime number?
True
Let l be (-1)/5 + 156/30. Suppose -5*a - t = -0*t - 164, 5*a - 160 = -l*t. Is a composite?
True
Let l(w) = -8 + 6 + 72*w**2 + 13. Is l(-4) composite?
False
Let r(p) = p**3 + 13*p**2 + 15*p + 7. Suppose 0 = 3*c + 4*s + 7, 3*c - s = 7*c - 8. Let l(v) = -3*v - 1. Let n be l(c). Is r(n) prime?
True
Let k be (-10)/(3/(-2)*16/12). Suppose 3*x - x + 2*d - 3906 = 0, -k*x = -d - 9741. Is x composite?
False
Let p = 29 - 24. Suppose 3*x - h - 4*h = 262, -p*h + 208 = 2*x. Suppose -139 = -3*u + 4*i, x = 3*u + 5*i - 90. Is u a composite number?
False
Let s = -1478 - -2158. Suppose 2*g - s = -3*l, 5*l = -0*g - 4*g + 1364. Is (-4 - 2)*g/(-4) prime?
False
Suppose w - 156 = -w - 4*o, -332 = -4*w - 3*o. Let g = w + 105. Is g a composite number?
False
Suppose 0 = 210*l - 218*l + 545128. Is l a prime number?
True
Suppose -2*u - 4*u = -192. Let r(x) = u - 3*x + x + x - 11. Is r(0) a prime number?
False
Suppose -3*o - 14*g + 15985 = -10*g, -21272 = -4*o + 5*g. Is o composite?
False
Suppose 81*j = 86*j - 3230. Let c be (-17)/(-5) + (-6)/15. Suppose 4*t - c*n - j = 0, 5*n + 737 - 258 = 3*t. Is t composite?
False
Suppose -152 = 4*b - 8*b. Suppose 4*w + b = 6*w. Is w a composite number?
False
Let y(s) = -s**2 + 15*s + 9 - 4 - 16. Let o be y(14). Suppose 0 = -o*k + 4*k - 223. Is k composite?
False
Let r be (-76)/6*(0 - -9). Let g = 5 - r. Let d = 172 - g. Is d composite?
False
Let a = 1095 - 1843. Let z = a + 1137. Is z prime?
True
Let c(a) = -a**3 + a**2 + 1. Let d be c(1). Let j be 2 + -4 - (-109 + d). Suppose 5*k - p = 20 + j, 0 = 2*k - 4*p - 36. Is k prime?
False
Let v be 5 - 6 - (-150 - -2). Suppose -n + v = -1384. Is n prime?
True
Suppose 5*a - 4684 = b, 5*b + 1869 = a + a. Suppose -8*n + 4065 - a = 0. Is n prime?
False
Let y(t) = -t**3 - 6*t**2 - 6*t - 6. Let m be y(-5). Let z be ((-3)/(-3) - m) + 3. Suppose -n + 3*d - d + 633 = 0, z*n - 3172 = 3*d. Is n prime?
False
Suppose 0*c = 3*c - 15. Suppose 2*y - 3408 = y - 5*z, 17082 = c*y + 4*z. Is y a composite number?
True
Let c(w) be the first derivative of -25*w**2/2 + 2*w + 8. Let g be c(-1). Is 3/(-2)*(-630)/g prime?
False
Suppose 0 = -49*l + 497305 + 369946. Is l a composite number?
True
Let i = 572931 + -329044. Is i prime?
False
Suppose 2*b - 24 = -0. Is (-24)/b - (-536 + -1) prime?
False
Suppose 6324 = -4*r - f, -2*f = -4*f. Let p = -1000 - r. Is p prime?
False
Let k be 2/(-11) - (-43612)/44. Let b = -582 + k. Is b a prime number?
True
Let t(c) = 132*c**2 + 10*c + 19. Is t(6) composite?
False
Let j be 4 + ((-2)/1 - 0). Suppose -g + 344 = j*f, 3*g - 3*f - 131 = 865. Suppose y + 4*x - 109 = 0, y + g = 4*y + 3*x. Is y prime?
True
Let p(b) = b**2 + b - 47. Is p(-19) a composite number?
True
Let j(d) be the first derivative of 9*d**4/4 - d**3 - d**2 + d + 4. Let b be j(-2). Is b*(4 + -3)*-1 a composite number?
False
Is 8/2 + 6098 + -59 prime?
True
Let h(g) = 2747*g**2 - 7*g + 23. Is h(-4) a prime number?
False
Let p(k) = -k**2 + 5*k - 1. Let a be p(3). Suppose -2*r - r - 404 = -y, a*y - 2080 = 3*r. Is y a composite number?
False
Let r(m) = 8*m**2 + 2*m - 3. Let d be r(1). Suppose d*f - 1326 = f. Is f a prime number?
False
Let g(d) = -d + 1. Let q be g(-1). Suppose 5*z = 5*y - 7395, 5*y = z + q*z + 7399. Is y a composite number?
False
Let y(p) be the second derivative of -3*p**3/2 - 6*p**2 + 2*p. Let x be y(-12). Suppose 5*h - 169 = x. Is h prime?
True
Let i = 96299 + -31797. Is i a prime number?
False
Let u(p) = 311*p + 382. Is u(17) a composite number?
False
Suppose 5*v + 0*v - 7150 = 0. Let m be v/(-15)*3*-1. Suppose 3*i + 31 = m. Is i prime?
False
Suppose 14*o - 11334 = 11*o. Is o prime?
False
Let r(v) be the first derivative of 11*v - 5 - 7/2*v**2. Is r(-8) a prime number?
True
Let i(k) be the first derivative of 11*k**2 - 2. Let h be i(9). Let z = h + -13. Is z a composite number?
True
Suppose 3*f - v + 3*v = 48939, -32626 = -2*f + v. Is f prime?
False
Suppose 2*m + 378 = -2*d, -5*d + 201 = m - 2*m. Let l = 576 - m. Is l prime?
False
Suppose 7*n - 10584 = -791. Is n prime?
True
Let l(c) = 7*c**2 - 4*c - 9. Suppose 2*i + 2 =